+ 56*r + 14. Calculate the remainder when 339 is divided by s(4).
5
Suppose -3*p = 12, -p - 250 = -97*b + 96*b. Calculate the remainder when b is divided by 33.
15
What is the remainder when 0 + (0 - 0) - -103 is divided by 2265/84 - (-19 - 9558/(-504))?
22
Let a = 24 - 9. Suppose -8*c = a - 63. What is the remainder when 37 is divided by c?
1
Let o = -5283 - -5348. What is the remainder when 132 is divided by o?
2
Suppose 5*g - 126 = 9*j, 0 = 5*g + j - 4*j - 102. Calculate the remainder when 436 is divided by g.
4
Suppose 0*v - 5*v = -z + 14, -5*v = -3*z + 22. Calculate the remainder when (z/(-6))/(21/(-18837)) is divided by 43.
39
Let l = 7944 - 7487. Calculate the remainder when l is divided by 77.
72
Let s(z) = 3*z**2 + 12*z + 81. Let a be s(-12). Calculate the remainder when (-7)/1 + (a - -24) is divided by 15.
11
Let h(s) = -1 + 37*s**2 + 65*s**2 - 13*s**2. Let i be h(-1). What is the remainder when (-2 - 15/(-12))/((-2)/i) is divided by 9?
6
Let s(r) = -r**3 + 9*r**2 - 3*r + 31. Let d be s(9). Suppose 4*c = -5*p + 655, 4*c + d*p - 664 = 8*p. What is the remainder when c is divided by 86?
79
Let r(b) = -7*b**2 - 54*b + 16. Let c be r(-8). Suppose c = -16*p - 4*p + 1340. What is the remainder when 133 is divided by p?
66
Let h(c) = -2*c + 21. Let s be h(10). Calculate the remainder when -64 + 63 + (-29)/(-1)*s is divided by 6.
4
Calculate the remainder when 1073 is divided by (1001/(-26) + 2 - 4)/(6/(-16)).
101
What is the remainder when 877 is divided by 12/4 + 3/(15/535)?
107
Let b = 281 - 272. Suppose -j - 5*q = -40, 5*j - b*q - 200 = -13*q. Calculate the remainder when j is divided by 27.
13
Suppose -3823 = -20*w - 403. Let y = 148 + -90. Calculate the remainder when w is divided by y.
55
Suppose 5730 + 8222 = 34*t - 2028. Calculate the remainder when t is divided by 253.
217
Let h = 47 + -5. Suppose 7*c + 960 = 15*c. Suppose c = 64*r - 56*r. What is the remainder when h is divided by r?
12
Let r be (36/15)/(3/520). Suppose b - r = -15*b. Calculate the remainder when 203 is divided by b.
21
Let h(l) = l**2 - 5*l - 8. Let x(j) = -1. Let m(f) = 3. Let w(i) = 3*m(i) + 8*x(i). Let c(g) = -h(g) + 5*w(g). What is the remainder when 63 is divided by c(5)?
11
Let p = -6090 + 11429. Calculate the remainder when p is divided by 167.
162
Suppose 25 = 3*w + 2*w. Suppose -w*p + 17 = u, p - 10 = -3*p - 2*u. What is the remainder when 6 is divided by p?
2
Let f = 9832 - 9820. Calculate the remainder when 6513 is divided by f.
9
Suppose -28280 = -b - 7*b - 5*y, -3*y = 4*b - 14136. Calculate the remainder when b is divided by 50.
40
Suppose -11*s + 807 = -1690. Calculate the remainder when 485 is divided by s.
31
Let q = 21287 - 21275. What is the remainder when 890 is divided by q?
2
Suppose -1089 = 111*g - 22420 + 2017. What is the remainder when 889 is divided by g?
19
Suppose -4*a - 4*x + 9 = 1, -a = -3*x - 10. Let j be 1365/(-28) + 3/a. Let z = 80 + j. Calculate the remainder when 61 is divided by z.
29
Let p = -11 + 11. Suppose -3*d + 5*r + 621 = p, -3*d + 3*r = -0*r - 621. Let i = 123 + -81. Calculate the remainder when d is divided by i.
39
Let j(z) = 24*z**2 + 29*z - 185. What is the remainder when 3623 is divided by j(12)?
4
Let y be 5 - (-3 - -1)*(-1)/(-2). Calculate the remainder when (-14)/(-63) + 520/9 is divided by 101/y + -2 + (-2)/(-12).
13
Suppose -g = -13 + 4. Let p(q) = 46*q - 321. Calculate the remainder when p(14) is divided by g.
8
What is the remainder when 193 is divided by (-40)/(44/(-12) + 51/17)?
13
Let b be 1/(((-4)/30)/(16/24)). Let j(p) = -p**3 - 8*p**2 - 2*p + 2. Let d be j(b). Let k = d + 75. What is the remainder when 21 is divided by k?
9
Let o(m) = 140*m**2 + 14*m + 38. What is the remainder when o(-3) is divided by 31?
16
Let m = -14259 + 14793. What is the remainder when m is divided by 261?
12
Let q(c) = -88*c + 759. Calculate the remainder when 109 is divided by q(8).
54
Let u(n) = -n**3 + 10*n**2 + 3*n - 1. Suppose -s + 43 = -2*s. Let o = -33 - s. Calculate the remainder when u(10) is divided by o.
9
Let g(t) = -8*t**2 + 11*t - 133. Let u(l) = 5*l**2 - 6*l + 66. Let v(m) = 3*g(m) + 5*u(m). What is the remainder when v(-17) is divided by 89?
80
Let w(d) = 4*d**2 - 7 + 2*d - 5*d**2 + 6*d**2 + 8*d**2. What is the remainder when w(4) is divided by 35?
34
Let z(x) = 4*x + 4. Let n be z(-39). Let m = 165 + n. Suppose 120 = b + b. What is the remainder when b is divided by m?
8
Suppose -3*g + 4 = 5*n, 1 + 8 = 4*g + 3*n. Suppose 0 = 6*q - g*q + 39. Let p(l) = l**3 + 12*l**2 - 15*l - 16. What is the remainder when 13 is divided by p(q)?
3
Let r = -18 - -23. Let j(b) = -6*b + 22. Let g be j(9). Let t = g + 51. What is the remainder when t is divided by r?
4
Let k = 39392 + -39159. What is the remainder when k is divided by 68?
29
What is the remainder when 1818 is divided by -1 + 0 - (-66)/11*(-72)/(-16)?
24
Suppose 2*u + x = -2*u + 85, -75 = -3*u - 3*x. Suppose 2*l - u = -4*a + 108, -l - 4*a = -64. What is the remainder when l is divided by 33?
31
Let t(o) = o**2 - 4*o - 3. Let n(s) = s**3 - s**2 - 4*s + 14. What is the remainder when t(10) is divided by n(3)?
17
Suppose 44455 = -9*b + 44626. Calculate the remainder when 14058 is divided by b.
17
Suppose 4*q + 36 = -3*h - 83, 0 = 4*h - 3*q + 167. Suppose -3*d = -101 + 110. Let p = d - h. Calculate the remainder when 189 is divided by p.
37
Suppose -i = 2*i - 3*l - 393, 2*l - 125 = -i. Let h(d) = 4*d**2 + 2*d - 4. What is the remainder when h(3) is divided by (3/1)/(i/430)?
8
Let q(m) = 136*m + 36. Suppose 2*h = -10, 4*k = h + 2634 - 333. What is the remainder when k is divided by q(0)?
34
Let s = -446 - -2233. Suppose 5*p - s = 23. Calculate the remainder when p is divided by 73.
70
Suppose 9*x - 131 = -23. Let j(r) = -r**2 + 4*r + 3. Let a be j(-2). Let o(k) = k**3 + 11*k**2 + 12*k + 3. Calculate the remainder when o(a) is divided by x.
9
Suppose -74 = -o - 921*w + 920*w, -264 = -4*o + 4*w. Let d = -35 + 60. What is the remainder when o is divided by d?
20
Suppose 4*y = t - 21 - 25, 3*t - 5*y - 110 = 0. Suppose -2*s = -4*x - t, 2*s + 5*x - 12 = 3*x. Calculate the remainder when 26 is divided by s.
8
Let w = 4901 - 2852. What is the remainder when w is divided by 27?
24
Suppose -2*r - 12 = -5*r. Suppose -h = r*h - 50. Let d(f) = f**3 - 2*f**2 - 5*f + 45. Calculate the remainder when d(4) is divided by h.
7
Suppose -4*l - 4*x + 353 = l, 5*x = 3*l - 234. Let o(y) = 35*y - 2027. What is the remainder when o(62) is divided by l?
70
Suppose 3*s - 3*f = 3549, -96*s - 4708 = -100*s - 4*f. Calculate the remainder when s is divided by 8.
4
Calculate the remainder when (-710)/(-2) - 1 - (-11 - (-66)/6) is divided by 354.
0
Let n = 10 - -1. Let g(o) = -o**2 + 5*o + 6. Let j be g(6). Let t = 32 + j. What is the remainder when t is divided by n?
10
Suppose -20 = -5*y - 0*c - 3*c, -4*y - 4*c = -16. Suppose -94 + y = -3*p. Let f = -4 + p. What is the remainder when 49 is divided by f?
23
Let t = -99 + 107. Suppose 1224 = t*g - 240. What is the remainder when g is divided by 46?
45
Let y = -168 - -173. Calculate the remainder when 89 is divided by (-26)/(-6)*(y + -2).
11
What is the remainder when 279 is divided by 56/(-24) - (-1356)/18?
60
Let w(z) = z**3 + 6*z**2 + 5*z + 4. Let c = -3872 - -3882. What is the remainder when w(-4) is divided by c?
6
Let l = 17 + -8. Suppose 0 = -0*h - 5*h + 4*h. Suppose h = -l*a + 1121 - 248. What is the remainder when a is divided by 20?
17
Let r = 22 - -14. Let u(s) = -s**2 + r*s**2 + s - s**2. Calculate the remainder when u(1) is divided by 9.
8
Let h(d) = 2*d**3 - d**2 - 15*d + 6. Calculate the remainder when h(4) is divided by 9.
4
Let w be (-2628)/(-20) + 4/(-10). Suppose -4*r + b + 77 = -r, 3*b = 5*r - w. Suppose -30*j + 179 = -241. Calculate the remainder when r is divided by j.
11
Calculate the remainder when (120/(-210))/(-7 + (-1317990)/(-188286)) is divided by 236.
234
Suppose -7*l + 3*l - 2851 = -3*d, -7*d + 2*l = -6689. Calculate the remainder when d is divided by 54.
39
Suppose 4845 = -14*l + 71*l. Let o = -20 - -56. What is the remainder when l is divided by o?
13
Let j be ((-2)/20)/(26/455)*-4. What is the remainder when 5156/36 + j/(378/(-12)) is divided by 36?
35
Suppose 5*b - 1324 + 349 = 0. Let j = b - 138. Let t = -8 + 20. Wh